 127 divide 47575?
False
Does 18 divide 83667?
False
Is 8 a factor of 9624?
True
Is 121 a factor of 3831707?
True
Does 131 divide 233704?
True
Is 497 a factor of 11899671?
True
Does 4 divide 4114036?
True
Does 70 divide 146168?
False
Is 16 a factor of 27815?
False
Does 418 divide 5426217?
False
Is 90301 a multiple of 1237?
True
Is 1787296 a multiple of 808?
True
Is 33 a factor of 73821?
True
Does 28 divide 155513?
False
Does 554 divide 2193634?
False
Is 103 a factor of 244728?
True
Is 11 a factor of 1518660?
True
Is 118 a factor of 2117628?
True
Is 896406 a multiple of 147?
True
Does 100 divide 232204?
False
Does 958 divide 3511498?
False
Is 38 a factor of 2053406?
True
Does 738 divide 14312254?
False
Is 35 a factor of 1236030?
False
Is 91740 a multiple of 22?
True
Is 1005253 a multiple of 248?
False
Is 3 a factor of 3083430?
True
Is 341205 a multiple of 22?
False
Is 19 a factor of 10545?
True
Does 5 divide 705634?
False
Is 89256 a multiple of 62?
False
Does 54 divide 13189?
False
Is 21442 a multiple of 12?
False
Does 7 divide 51301?
False
Is 101430 a multiple of 69?
True
Is 75 a factor of 4023675?
True
Is 307100 a multiple of 166?
True
Is 2403764 a multiple of 51?
False
Does 68 divide 4376793?
False
Is 23 a factor of 62017?
False
Does 44 divide 1111?
False
Does 1766 divide 15244609?
False
Is 304 a factor of 140146?
False
Is 18 a factor of 95116?
False
Is 842982 a multiple of 108?
False
Is 60 a factor of 78180?
True
Is 259256 a multiple of 280?
False
Is 18 a factor of 498996?
True
Does 8 divide 85872?
True
Is 2 a factor of 992?
True
Is 52 a factor of 583673?
False
Is 35 a factor of 7024556?
False
Does 359 divide 5034257?
True
Does 40 divide 16081712?
False
Is 19 a factor of 17765?
True
Does 20 divide 6971771?
False
Is 6 a factor of 24800?
False
Is 23014 a multiple of 37?
True
Is 182622 a multiple of 33?
True
Is 552204 a multiple of 27?
True
Is 10 a factor of 1006533?
False
Is 26 a factor of 664045?
False
Is 101626 a multiple of 98?
True
Is 18 a factor of 2336108?
False
Does 7 divide 4938074?
False
Is 2927349 a multiple of 1007?
True
Is 12851 a multiple of 3?
False
Does 16 divide 5862576?
True
Is 41 a factor of 11974?
False
Is 107 a factor of 131037?
False
Is 28 a factor of 670879?
False
Is 11 a factor of 135222?
False
Is 52533 a multiple of 37?
False
Is 13 a factor of 1255199?
False
Is 250228 a multiple of 1034?
True
Does 754 divide 3612964?
False
Does 249 divide 463887?
True
Is 830320 a multiple of 428?
True
Does 1612 divide 27498978?
False
Is 76013 a multiple of 26?
False
Is 24 a factor of 198528?
True
Is 242 a factor of 1358346?
True
Does 22 divide 882266?
True
Does 600 divide 216822?
False
Is 14 a factor of 22929520?
False
Does 35 divide 404745?
False
Does 88 divide 1035947?
False
Does 47 divide 1564442?
True
Is 74672 a multiple of 52?
True
Does 80 divide 1513245?
False
Does 24 divide 12795688?
False
Is 725400 a multiple of 52?
True
Is 28 a factor of 44464?
True
Does 15 divide 3911205?
True
Is 228587 a multiple of 42?
False
Does 105 divide 672655?
False
Does 15 divide 81285?
True
Does 37 divide 32096?
False
Is 13 a factor of 3541707?
True
Is 24724 a multiple of 14?
True
Is 593 a factor of 2642408?
True
Is 723 a factor of 710709?
True
Is 10 a factor of 3468250?
True
Is 1364544 a multiple of 618?
True
Is 193 a factor of 761819?
False
Is 31073 even?
False
Is 428002 a multiple of 32?
False
Is 28 a factor of 5951176?
True
Is 101507 a multiple of 6?
False
Does 496 divide 289787?
False
Does 18 divide 1035900?
True
Is 310728 a multiple of 66?
True
Is 51590 a multiple of 14?
True
Is 2200623 a multiple of 1237?
True
Does 31 divide 96193?
True
Is 874412 a multiple of 748?
True
Is 301 a factor of 144369?
False
Is 316 a factor of 92588?
True
Is 4 a factor of 111276?
True
Does 235 divide 183107?
False
Is 947076 a multiple of 13?
True
Does 97 divide 347648?
True
Does 345 divide 7952595?
True
Is 37580 a multiple of 126?
False
Is 45 a factor of 85770?
True
Does 12 divide 364524?
True
Is 623474 a multiple of 102?
False
Does 14 divide 561708?
True
Is 15799 a multiple of 3?
False
Is 10290533 a multiple of 80?
False
Is 8653197 a multiple of 136?
False
Is 18 a factor of 634680?
True
Does 14 divide 14572925?
False
Does 378 divide 528037?
False
Is 479 a factor of 3132290?
False
Is 201 a factor of 13467?
True
Is 1075 a factor of 1270650?
True
Is 133 a factor of 193515?
True
Is 578304 a multiple of 72?
True
Is 10520879 a multiple of 9?
False
Is 5497878 a multiple of 76?
False
Is 96 a factor of 3957898?
False
Is 117 a factor of 630727?
False
Is 402324 even?
True
Is 365 a factor of 573948?
False
Is 13 a factor of 129610?
True
Is 8415225 a multiple of 959?
True
Is 29 a factor of 384221?
True
Is 9231492 a multiple of 228?
True
Does 179 divide 29707377?
True
Is 405 a factor of 3310065?
True
Is 18430 a multiple of 2?
True
Does 14 divide 798602?
True
Is 794352 a multiple of 78?
True
Is 23 a factor of 1178240?
False
Is 26 a factor of 13838396?
True
Is 3 a factor of 55950?
True
Does 16 divide 26064?
True
Does 115 divide 150168?
False
Does 20 divide 115245?
False
Is 685704 a multiple of 12?
True
Is 734622 a multiple of 8?
False
Is 15 a factor of 342000?
True
Does 123 divide 2521489?
False
Does 5 divide 61078?
False
Does 16 divide 77856?
True
Is 2695950 a multiple of 446?
False
Does 268 divide 4882906?
False
Is 24 a factor of 638902?
False
Does 6 divide 104568?
True
Does 14 divide 2743514?
False
Is 287815 a multiple of 126?
False
Is 265525 a multiple of 559?
True
Is 213885 a multiple of 735?
True
Is 5668598 a multiple of 1082?
True
Is 21 a factor of 913632?
False
Is 2763270 a multiple of 5?
True
Does 1273 divide 5832886?
True
Is 15694 a multiple of 38?
True
Is 39 a factor of 14965470?
True
Is 2355105 a multiple of 218?
False
Does 15 divide 35108040?
True
Is 3017568 a multiple of 43?
True
Does 259 divide 415411?
False
Does 32 divide 1244800?
True
Is 24 a factor of 61632?
True
Does 39 divide 53118?
True
Does 104 divide 1055600?
True
Does 16 divide 498064?
True
Does 9 divide 154800?
True
Is 16 a factor of 316656?
True
Is 632 a factor of 261495?
False
Is 23 a factor of 1248647?
True
Does 391 divide 5699607?
True
Does 816 divide 16206?
False
Is 787689 a multiple of 733?
False
Is 133139 a multiple of 29?
True
Does 78 divide 332849?
False
Does 1274 divide 11802336?
True
Does 321 divide 1307754?
True
Is 13 a factor of 12995203?
True
Is 131596 a multiple of 394?
True
Does 60 divide 10041960?
True
Is 675 a factor of 376650?
True
Is 49852 a multiple of 206?
True
Is 406704 a multiple of 444?
True
Is 1425410 a multiple of 245?
True
Does 222 divide 111863?
False
Does 21 divide 444927?
True
Is 337636 a multiple of 8?
False
Is 11 a factor of 1246863?
False
Is 172 a factor of 330756?
True
Is 30256 a multiple of 31?
True
Is 277 a factor of 85039?
True
Is 496230 a multiple of 278?
True
Does 284 divide 3239872?
True
Does 115 divide 3607320?
True
Is 70406 a multiple of 144?
False
Is 15 a factor of 10620?
True
Is 59 a factor of 147152?
False
Does 164 divide 3490740?
True
Is 683226 a multiple of 102?
False
Is 150 a factor of 2324550?
True
Is 297008 a multiple of 60?
False
Is 171 a factor of 265247?
False
Is 42804 a multiple of 41?
True
Is 121260 a multiple of 129?
True
Is 1803678 a multiple of 716?
False
Does 374 divide 1974346?
True
Is 1822836 a multiple of 3?
True
Is 102442 a multiple of 5?
False
Is 79 a factor of 5917647?
False
Is 272 a factor of 258581?
False
Is 3 a factor of 54438?
True
Is 285152 a multiple of 20?
False
Does 218 divide 240236?
True
Is 426 a factor of 1666211?
False
Is 325 a factor of 5724550?
True
Is 205 a factor of 645955?
True
Does 27 divide 30962?
False
Does 85 divide 250410?
True
Is 12 a factor of 41091?
False
Is 335274 a multiple of 57?
True
Is 192 a factor of 2186112?
True
Does 53 divide 1944676?
True
Is 1644 a factor of 20447167?
False
Is 1445044 a multiple of 345?
False
Is 1380 a multiple of 30?
True
Is 10469 a multiple of 11?
False
Is 113 a factor of 19157801?
False
Does 5 divide 853321?
False
Does 21 divide 5605358?
False
Is 637048 a multiple of 8?
True
Is 1793100 a multiple of 12?
True
Does 3 divide 56591?
False
Is 171110 a multiple of 142?
True
Does 35 divide 1268680?
True
Does 163 divide 1349037?
False
Does 17 divide 1385914?
False
Does 30 divide 496230?
True